{"id":60,"date":"2024-06-05T15:52:39","date_gmt":"2024-06-05T13:52:39","guid":{"rendered":"https:\/\/www-2024.ingegneriameccanica.uniroma2.it\/?page_id=60"},"modified":"2026-04-27T18:11:17","modified_gmt":"2026-04-27T16:11:17","slug":"archivio","status":"publish","type":"page","link":"https:\/\/www-2024.ingegneriameccanica.uniroma2.it\/?page_id=60","title":{"rendered":"Archivio"},"content":{"rendered":"\n<h1 class=\"wp-block-heading\">Laurea Triennale in Ingegneria Meccanica<\/h1>\n\n\n\n<p>Organizzazione del Corso di Laurea in Ingegneria Meccanica, con unit\u00e0 didattiche e altre attivit\u00e0 formative per un totale di <strong>180 crediti<\/strong>.<\/p>\n\n\n\n<h2 class=\"wp-block-heading\">Piano degli insegnamenti<\/h2>\n\n\n\n<p>I dettagli sulla didattica impartita, inclusi titolare dell\u2019insegnamento, obiettivi di apprendimento, programma e modalit\u00e0 di accertamento, sono disponibili nei link associati agli insegnamenti.<\/p>\n\n\n\n<figure class=\"wp-block-table\"><table class=\"has-fixed-layout\"><thead><tr><th>Insegnamento<\/th><th>Anno<\/th><th>Semestre<\/th><th>Crediti<\/th><\/tr><\/thead><tbody><tr><td>Analisi Matematica 1<\/td><td>1<\/td><td>1<\/td><td>12<\/td><\/tr><tr><td>Chimica<\/td><td>1<\/td><td>1<\/td><td>6<\/td><\/tr><tr><td>Disegno Di Macchine<\/td><td>1<\/td><td>1<\/td><td>6<\/td><\/tr><tr><td>Geometria<\/td><td>1<\/td><td>2<\/td><td>6<\/td><\/tr><tr><td>Fisica Generale 1<\/td><td>1<\/td><td>2<\/td><td>12<\/td><\/tr><tr><td>Economia applicata all\u2019ingegneria Cv<\/td><td>1<\/td><td>2<\/td><td>6<\/td><\/tr><tr><td>Strumenti digitali per l\u2019Ingegneria<\/td><td>2<\/td><td>1<\/td><td>6<\/td><\/tr><tr><td>Analisi Matematica 2<\/td><td>2<\/td><td>1<\/td><td>9<\/td><\/tr><tr><td>Fisica Generale 2<\/td><td>2<\/td><td>1<\/td><td>9<\/td><\/tr><tr><td>Fisica Tecnica Industriale 1<\/td><td>2<\/td><td>1<\/td><td>9<\/td><\/tr><tr><td>Elettrotecnica<\/td><td>2<\/td><td>2<\/td><td>6<\/td><\/tr><tr><td>Fondamenti di scienza dei materiali e metallurgia<\/td><td>2<\/td><td>2<\/td><td>12<\/td><\/tr><tr><td>Scienza delle Costruzioni<\/td><td>2<\/td><td>2<\/td><td>9<\/td><\/tr><tr><td>Meccanica Applicata alle Macchine<\/td><td>3<\/td><td>1<\/td><td>9<\/td><\/tr><tr><td>Macchine<\/td><td>3<\/td><td>1<\/td><td>9<\/td><\/tr><tr><td>Fondamenti di Progettazione Strutturale Meccanica<\/td><td>3<\/td><td>1<\/td><td>6<\/td><\/tr><tr><td>Impianti Industriali<\/td><td>3<\/td><td>2<\/td><td>6<\/td><\/tr><tr><td>Tecnologia Meccanica<\/td><td>3<\/td><td>2<\/td><td>9<\/td><\/tr><tr><td>Elementi Costruttivi delle Macchine<\/td><td>3<\/td><td>2<\/td><td>9<\/td><\/tr><tr><td>Lingua Straniera<\/td><td>1<\/td><td>1<\/td><td>3<\/td><\/tr><tr><td>Insegnamenti a scelta dello studente (ASS)<\/td><td><\/td><td><\/td><td>12<\/td><\/tr><tr><td>Attivit\u00e0 formative (AFF)<\/td><td>3<\/td><td><\/td><td>3<\/td><\/tr><tr><td>Prova finale<\/td><td>3<\/td><td><\/td><td>6<\/td><\/tr><\/tbody><\/table><\/figure>\n\n\n\n<h2 class=\"wp-block-heading\">Insegnamenti a scelta consigliati<\/h2>\n\n\n\n<p>Insegnamenti a scelta dello studente coerenti con il progetto formativo consigliati dal Consiglio di Corso di Studi.<\/p>\n\n\n\n<figure class=\"wp-block-table\"><table class=\"has-fixed-layout\"><thead><tr><th>Insegnamento<\/th><th>Anno<\/th><th>Semestre<\/th><th>Crediti<\/th><\/tr><\/thead><tbody><tr><td>Meccanica delle Vibrazioni<\/td><td>3<\/td><td>2<\/td><td>6<\/td><\/tr><tr><td>Misure<\/td><td>3<\/td><td>1<\/td><td>6<\/td><\/tr><tr><td>Gestione della Qualit\u00e0<\/td><td>3<\/td><td>1<\/td><td>6<\/td><\/tr><tr><td>Gestione dei Consumi Energetici<\/td><td>3<\/td><td>1<\/td><td>6<\/td><\/tr><tr><td>Laboratorio Metallurgia<\/td><td>3<\/td><td>1<\/td><td>6<\/td><\/tr><tr><td>Gestione dell\u2019Energia<\/td><td>3<\/td><td>1<\/td><td>6<\/td><\/tr><tr><td>Finanziamento e Gestione Societaria dell\u2019Impresa<\/td><td>3<\/td><td>1<\/td><td>6<\/td><\/tr><tr><td>Affidabilit\u00e0 e Sicurezza delle Macchine<\/td><td>3<\/td><td>2<\/td><td>6<\/td><\/tr><tr><td>Laboratory of Sensors<\/td><td>3<\/td><td>2<\/td><td>6<\/td><\/tr><tr><td>Elaborazione del segnale digitale<\/td><td>3<\/td><td>2<\/td><td>6<\/td><\/tr><tr><td>Fondamenti di Storia dell\u2019Ingegneria Industriale<\/td><td>3<\/td><td>2<\/td><td>3<\/td><\/tr><\/tbody><\/table><\/figure>\n\n\n\n<h2 class=\"wp-block-heading\">Ulteriori attivit\u00e0 formative<\/h2>\n\n\n\n<p>Le ulteriori attivit\u00e0 formative possono essere seguite negli ultimi 3 semestri del percorso. Ogni studente pu\u00f2 fruirne per un totale di 3 CFU. Ogni attivit\u00e0 formativa vale 1 CFU e ha un numero di posti limitato.<\/p>\n\n\n\n<p>Per comunicare la propria intenzione di partecipare, inviare una mail alla sig.ra Anna Mezzanotte: <strong>anna.mezzanotte@uniroma2.it<\/strong>.<\/p>\n\n\n\n<h2 class=\"wp-block-heading\">Laboratori e attivit\u00e0 disponibili<\/h2>\n\n\n\n<h3 class=\"wp-block-heading\">2\u00b0 anno \u2014 2\u00b0 semestre<\/h3>\n\n\n\n<ul class=\"wp-block-list\">\n<li>Laboratorio di calcolo numerico in Python \u2014 15 posti \u2014 Chinappi<\/li>\n\n\n\n<li>Preparazione di biocombustibili \u2014 12 posti \u2014 Narducci<\/li>\n\n\n\n<li>Dal disegno tecnico alla stampa 3D \u2014 15 posti \u2014 Groth<\/li>\n\n\n\n<li>Laboratorio di metrologia e fisica sperimentale \u2014 6 posti \u2014 Verona<\/li>\n\n\n\n<li><\/li>\n<\/ul>\n","protected":false},"excerpt":{"rendered":"<p>Laurea Triennale in Ingegneria Meccanica Organizzazione del Corso di Laurea in Ingegneria Meccanica, con unit\u00e0 didattiche e altre attivit\u00e0 formative per un totale di 180 crediti. Piano degli insegnamenti I dettagli sulla didattica impartita, inclusi titolare dell\u2019insegnamento, obiettivi di apprendimento,<\/p>\n","protected":false},"author":2,"featured_media":0,"parent":0,"menu_order":0,"comment_status":"closed","ping_status":"closed","template":"","meta":{"footnotes":""},"class_list":["post-60","page","type-page","status-publish","hentry"],"featured_image_src":null,"_links":{"self":[{"href":"https:\/\/www-2024.ingegneriameccanica.uniroma2.it\/index.php?rest_route=\/wp\/v2\/pages\/60","targetHints":{"allow":["GET"]}}],"collection":[{"href":"https:\/\/www-2024.ingegneriameccanica.uniroma2.it\/index.php?rest_route=\/wp\/v2\/pages"}],"about":[{"href":"https:\/\/www-2024.ingegneriameccanica.uniroma2.it\/index.php?rest_route=\/wp\/v2\/types\/page"}],"author":[{"embeddable":true,"href":"https:\/\/www-2024.ingegneriameccanica.uniroma2.it\/index.php?rest_route=\/wp\/v2\/users\/2"}],"replies":[{"embeddable":true,"href":"https:\/\/www-2024.ingegneriameccanica.uniroma2.it\/index.php?rest_route=%2Fwp%2Fv2%2Fcomments&post=60"}],"version-history":[{"count":5,"href":"https:\/\/www-2024.ingegneriameccanica.uniroma2.it\/index.php?rest_route=\/wp\/v2\/pages\/60\/revisions"}],"predecessor-version":[{"id":342,"href":"https:\/\/www-2024.ingegneriameccanica.uniroma2.it\/index.php?rest_route=\/wp\/v2\/pages\/60\/revisions\/342"}],"wp:attachment":[{"href":"https:\/\/www-2024.ingegneriameccanica.uniroma2.it\/index.php?rest_route=%2Fwp%2Fv2%2Fmedia&parent=60"}],"curies":[{"name":"wp","href":"https:\/\/api.w.org\/{rel}","templated":true}]}}